is the hundreds digit of 39340?
3
What is the tens digit of 44305?
0
What is the hundreds digit of 1118?
1
What is the thousands digit of 6214?
6
What is the tens digit of 1089?
8
What is the units digit of 34716?
6
What is the thousands digit of 20902?
0
What is the tens digit of 38162?
6
What is the thousands digit of 26362?
6
What is the tens digit of 14250?
5
What is the units digit of 78?
8
What is the thousands digit of 1191?
1
What is the thousands digit of 10579?
0
What is the tens digit of 6724?
2
What is the hundreds digit of 1753?
7
What is the tens digit of 2601?
0
What is the units digit of 9694?
4
What is the ten thousands digit of 72643?
7
What is the tens digit of 489?
8
What is the units digit of 1653?
3
What is the hundreds digit of 1657?
6
What is the thousands digit of 1994?
1
What is the hundreds digit of 119?
1
What is the tens digit of 13857?
5
What is the hundreds digit of 2865?
8
What is the ten thousands digit of 77517?
7
What is the hundreds digit of 529?
5
What is the hundreds digit of 1634?
6
What is the units digit of 971?
1
What is the units digit of 620?
0
What is the tens digit of 8410?
1
What is the tens digit of 44682?
8
What is the thousands digit of 8165?
8
What is the tens digit of 10022?
2
What is the thousands digit of 19441?
9
What is the units digit of 3662?
2
What is the hundreds digit of 26389?
3
What is the units digit of 115?
5
What is the thousands digit of 1248?
1
What is the tens digit of 16476?
7
What is the tens digit of 3039?
3
What is the units digit of 81287?
7
What is the thousands digit of 6963?
6
What is the tens digit of 12767?
6
What is the thousands digit of 10016?
0
What is the ten thousands digit of 80941?
8
What is the units digit of 3009?
9
What is the thousands digit of 9582?
9
What is the units digit of 1867?
7
What is the hundreds digit of 620?
6
What is the units digit of 9152?
2
What is the tens digit of 84?
8
What is the hundreds digit of 11870?
8
What is the ten thousands digit of 48612?
4
What is the tens digit of 173?
7
What is the units digit of 494?
4
What is the units digit of 49525?
5
What is the hundreds digit of 877?
8
What is the tens digit of 2204?
0
What is the hundreds digit of 655?
6
What is the units digit of 667?
7
What is the units digit of 30756?
6
What is the units digit of 3522?
2
What is the tens digit of 138113?
1
What is the hundreds digit of 2025?
0
What is the ten thousands digit of 141297?
4
What is the units digit of 14936?
6
What is the tens digit of 12881?
8
What is the hundreds digit of 3935?
9
What is the hundreds digit of 321?
3
What is the tens digit of 17?
1
What is the hundred thousands digit of 128587?
1
What is the thousands digit of 111277?
1
What is the tens digit of 257?
5
What is the units digit of 58788?
8
What is the tens digit of 28849?
4
What is the thousands digit of 27820?
7
What is the tens digit of 2171?
7
What is the hundreds digit of 197?
1
What is the thousands digit of 1131?
1
What is the units digit of 412?
2
What is the units digit of 5032?
2
What is the tens digit of 147?
4
What is the tens digit of 582?
8
What is the thousands digit of 5989?
5
What is the hundreds digit of 5739?
7
What is the tens digit of 93976?
7
What is the tens digit of 59?
5
What is the tens digit of 52399?
9
What is the thousands digit of 1093?
1
What is the units digit of 24019?
9
What is the hundreds digit of 15871?
8
What is the tens digit of 17087?
8
What is the hundreds digit of 2243?
2
What is the units digit of 19?
9
What is the units digit of 2528?
8
What is the tens digit of 10190?
9
What is the hundreds digit of 352?
3
What is the hundreds digit of 61406?
4
What is the ten thousands digit of 28854?
2
What is the tens digit of 4189?
8
What is the hundreds digit of 24942?
9
What is the units digit of 3107?
7
What is the ten thousands digit of 36521?
3
What is the units digit of 103157?
7
What is the tens digit of 100363?
6
What is the hundreds digit of 98230?
2
What is the thousands digit of 12073?
2
What is the ten thousands digit of 44195?
4
What is the units digit of 7282?
2
What is the tens digit of 7201?
0
What is the tens digit of 4640?
4
What is the hundreds digit of 45643?
6
What is the thousands digit of 86554?
6
What is the tens digit of 8965?
6
What is the units digit of 37906?
6
What is the hundreds digit of 1961?
9
What is the hundreds digit of 1039?
0
What is the thousands digit of 2292?
2
What is the hundreds digit of 70184?
1
What is the thousands digit of 8940?
8
What is the hundreds digit of 3701?
7
What is the units digit of 114375?
5
What is the hundreds digit of 80124?
1
What is the hundreds digit of 2714?
7
What is the hundreds digit of 1031?
0
What is the hundreds digit of 387?
3
What is the thousands digit of 1347?
1
What is the hundreds digit of 51213?
2
What is the units digit of 7383?
3
What is the tens digit of 4474?
7
What is the ten thousands digit of 66651?
6
What is the tens digit of 1799?
9
What is the hundreds digit of 3949?
9
What is the units digit of 510?
0
What is the hundreds digit of 937?
9
What is the tens digit of 8891?
9
What is the tens digit of 8830?
3
What is the hundreds digit of 8101?
1
What is the units digit of 729?
9
What is the thousands digit of 6190?
6
What is the thousands digit of 3151?
3
What is the tens digit of 945?
4
What is the tens digit of 51368?
6
What is the hundreds digit of 11801?
8
What is the hundreds digit of 5211?
2
What is the tens digit of 3411?
1
What is the units digit of 4458?
8
What is the units digit of 33971?
1
What is the hundreds digit of 1730?
7
What is the ten thousands digit of 11627?
1
What is the tens digit of 7516?
1
What is the thousands digit of 2351?
2
What is the hundreds digit of 136931?
9
What is the units digit of 1268?
8
What is the hundreds digit of 1632?
6
What is the hundreds digit of 566?
5
What is the thousands digit of 13522?
3
What is the tens digit of 1106?
0
What is the ten thousands digit of 18557?
1
What is the hundreds digit of 32583?
5
What is the ten thousands digit of 63078?
6
What is the hundreds digit of 64643?
6
What is the thousands digit of 45528?
5
What is the hundreds digit of 11308?
3
What is the ten thousands digit of 10513?
1
What is the tens digit of 8912?
1
What is the tens digit of 30901?
0
What is the units digit of 1211?
1
What is the thousands digit of 5195?
5
What is the thousands digit of 2998?
2
What is the units digit of 2292?
2
What is the ten thousands digit of 70472?
7
What is the hundreds digit of 61625?
6
What is the ten thousands digit of 47113?
4
What is the thousands digit of 2111?
2
What is the hundreds digit of 1398?
3
What is the thousands digit of 1513?
1
What is the units digit of 19?
9
What is the tens digit of 120139?
3
What is the units digit of 11784?
4
What is the units digit of 718?
8
What is the units digit of 4150?
0
What is the tens digit of 63195?
9
What is the ten thousands digit of 135157?
3
What is the units digit of 1093?
3
What is the units digit of 863?
3
What is the thousands digit of 1490?
1
What is the units digit of 9797?
7
What is the units digit of 11966?
6
What is the hundreds digit of 425?
4
What is the hundreds digit of 160?
1
What is the units digit of 1315?
5
What is the thousands digit of 11854?
1
What is the tens digit of 32944?
4
What is the hundreds digit of 65908?
9
What is the hundreds digit of 5746?
7
What is the units digit of 3852?
2
What is the units digit of 1304?
4
What is the tens digit of 13301?
0
What is the thousands digit of 3640?
3
What is the tens digit of 1160?
6
What is the ten thousands digit of 13831?
1
What is the hundreds digit of 68372?
3
What is the thousands digit of 2722?
2
What is the hundreds digit of 4524?
5
What is the thousands digit of 10719?
0
What is the hundreds digit of 5339?
3
What is the units digit of 3564?
4
What is the ten thousands digit of 14949?
1
What is the units digit of 4506?
6
What is the thousands digit of 1927?
1
What is the hundreds digit of 2493?
4
What is the hundreds digit of 48480?
4
What is the thousands digit of 4620?
4
What is the thousands digit of 3343?
3
What is the tens digit of 6658?
5
What is the hundreds digit of 11436?
4
What is the hundreds digit of 5531?
5
What is the units digit of 800?
0
What i